e greatest common factor of 21585750 and 1088.
34
Calculate the highest common factor of 84506 and 808259.
1363
What is the highest common divisor of 23976 and 316331352?
7992
Calculate the greatest common factor of 153357 and 2125.
17
What is the greatest common divisor of 195 and 192421905?
195
What is the greatest common divisor of 1013157185 and 5770?
2885
What is the greatest common factor of 3052 and 65504313?
763
What is the greatest common divisor of 13584 and 20819744?
4528
Calculate the highest common factor of 8890535 and 194.
97
Calculate the greatest common factor of 78520 and 96980.
260
What is the greatest common factor of 1964626 and 12662066?
10286
What is the greatest common factor of 68403055 and 35?
35
What is the greatest common factor of 2210 and 8673145?
1105
Calculate the greatest common factor of 78676 and 219141.
13
Calculate the greatest common divisor of 4992 and 219821056.
1664
Calculate the greatest common divisor of 3141 and 3078529.
349
What is the greatest common divisor of 6516 and 83891871?
1629
Calculate the greatest common factor of 5343032 and 459.
17
Calculate the greatest common divisor of 609168 and 36519.
777
Calculate the greatest common divisor of 60845 and 46268.
43
Calculate the highest common divisor of 101470032 and 120.
24
Calculate the greatest common factor of 9364 and 5932.
4
Calculate the highest common factor of 102 and 522908202.
102
Calculate the greatest common factor of 882 and 1707754860.
882
Calculate the greatest common divisor of 6071796 and 182508.
2724
Calculate the greatest common divisor of 6216 and 222296.
296
Calculate the greatest common divisor of 11324697 and 423.
141
What is the highest common factor of 629154581 and 374?
187
Calculate the greatest common divisor of 1439449743 and 9138.
4569
What is the highest common divisor of 50015497 and 14?
7
Calculate the greatest common divisor of 85441252 and 1482.
494
What is the greatest common divisor of 28 and 7036715?
7
Calculate the highest common divisor of 160 and 47264608.
32
What is the greatest common factor of 17085 and 7724095?
335
Calculate the highest common factor of 73120 and 22240.
160
Calculate the greatest common divisor of 359104 and 136.
8
What is the greatest common factor of 83980734 and 26278?
3754
What is the greatest common factor of 528 and 169966302?
66
What is the greatest common factor of 47075311 and 5026?
359
What is the highest common divisor of 7476 and 91602?
42
Calculate the highest common divisor of 2071142262 and 126.
126
What is the highest common factor of 28290706 and 404?
202
What is the greatest common divisor of 2404065 and 13605?
15
Calculate the greatest common factor of 14016 and 21184.
64
Calculate the greatest common divisor of 229035081 and 759.
759
Calculate the greatest common divisor of 42960 and 1214880.
240
Calculate the highest common factor of 1471 and 43829916.
1471
What is the highest common divisor of 190 and 765358?
38
Calculate the highest common factor of 649509 and 2177.
7
Calculate the highest common divisor of 47996855 and 205.
205
Calculate the greatest common divisor of 82 and 158404.
2
What is the greatest common factor of 4952 and 413286492?
2476
What is the highest common divisor of 2015 and 83252?
13
Calculate the greatest common factor of 86602 and 243694.
2014
What is the greatest common factor of 6865550 and 12810?
610
What is the highest common factor of 82 and 18650531?
41
Calculate the greatest common divisor of 74066010 and 60.
30
What is the highest common factor of 356409101 and 51919?
7417
Calculate the highest common divisor of 13713755 and 22.
11
Calculate the highest common divisor of 151602843 and 748572.
17013
What is the greatest common factor of 252794412 and 1404?
1404
Calculate the highest common factor of 331632 and 22932.
1764
Calculate the greatest common divisor of 19076 and 48700.
4
What is the highest common factor of 64242 and 8216784?
774
What is the highest common factor of 478400922 and 18?
18
Calculate the greatest common divisor of 268 and 963725722.
134
What is the highest common divisor of 312 and 2630424?
24
Calculate the greatest common factor of 76252 and 57992.
44
Calculate the highest common divisor of 1636775 and 982723.
329
Calculate the highest common factor of 1090457962 and 110.
22
What is the greatest common factor of 136 and 18799008?
136
What is the highest common divisor of 328168359 and 1461?
1461
What is the greatest common factor of 7284 and 1034148?
12
What is the highest common divisor of 45133 and 525019?
121
Calculate the highest common factor of 60543 and 174003.
93
Calculate the greatest common divisor of 37615190 and 26.
2
What is the highest common factor of 820 and 216808492?
164
Calculate the highest common factor of 7917 and 135031134.
609
What is the highest common divisor of 320647 and 9?
1
Calculate the greatest common divisor of 21308 and 7865696.
3044
What is the greatest common divisor of 26497408 and 32?
32
Calculate the highest common factor of 4800613 and 153.
17
Calculate the greatest common factor of 1735587 and 243.
81
What is the greatest common divisor of 23072025 and 45?
15
Calculate the highest common factor of 19682936 and 494.
494
What is the highest common factor of 14627142 and 144?
18
Calculate the highest common factor of 5794 and 122824109.
2897
What is the highest common divisor of 3739949 and 21386?
289
Calculate the highest common factor of 75 and 30384.
3
What is the highest common divisor of 8105 and 205405015?
8105
Calculate the highest common divisor of 1718209 and 2045.
409
Calculate the greatest common divisor of 56 and 347608.
8
Calculate the greatest common divisor of 1843 and 240293.
19
Calculate the greatest common divisor of 43491372 and 48.
12
Calculate the greatest common divisor of 3626784920 and 88.
88
Calculate the highest common factor of 31460 and 121838288.
6292
What is the greatest common divisor of 370910 and 493?
29
What is the greatest common divisor of 217481 and 629?
17
What is the greatest common factor of 132950335 and 2?
1
What is the highest common divisor of 3434536186 and 188?
94
What is the highest common divisor of 14800 and 215275?
25
What is the highest common factor of 1232 and 1875412?
308
Calculate the highest common factor of 5810379 and 8517.
51
Calculate the greatest common divisor of 760736 and 160.
32
Calculate the greatest common factor of 23698 and 15399518.
1394
What is the highest common divisor of 21800 and 4788400?
200
What is the highest common factor of 53 and 847948643?
53
Calculate the greatest common divisor of 2139 and 48060354.
93
What is the highest common factor of 228464 and 11442384?
1744
Calculate the greatest common factor of 35248593 and 3288.
411
What is the highest common divisor of 65 and 67611921?
13
What is the highest common factor of 42008380 and 104220?
3860
Calculate the greatest common divisor of 11 and 221093950.
11
Calculate the greatest common factor of 21 and 17903914.
7
What is the highest common divisor of 20917846 and 2230?
446
What is the highest common factor of 827640 and 132924?
2508
What is the greatest common divisor of 1073250 and 24000?
750
Calculate the highest common divisor of 265976415 and 2053.
2053
What is the greatest common divisor of 233059210 and 11488?
718
Calculate the highest common factor of 20640 and 758950.
430
Calculate the greatest common divisor of 19710 and 5481.
27
Calculate the greatest common divisor of 837 and 243065637.
837
Calculate the greatest common divisor of 44 and 3314399.
11
Calculate the greatest common divisor of 40736235 and 1500.
15
Calculate the greatest common factor of 149044851 and 3498.
159
Calculate the highest common divisor of 787932 and 152478.
774
What is the highest common factor of 6272 and 362?
2
What is the highest common divisor of 202474 and 92862?
134
Calculate the greatest common divisor of 24215 and 77321.
167
Calculate the highest common divisor of 557237 and 2279.
43
What is the highest common factor of 101860 and 106119600?
9260
Calculate the highest common divisor of 1602 and 283811121.
801
What is the greatest common divisor of 97216532 and 4548?
1516
Calculate the highest common divisor of 8 and 496792.
8
Calculate the gre